{"id":3551,"date":"2025-02-14T00:03:43","date_gmt":"2025-02-14T00:03:43","guid":{"rendered":"https:\/\/test.ototespit.com\/?page_id=3551"},"modified":"2025-02-14T00:26:31","modified_gmt":"2025-02-14T00:26:31","slug":"gizlilik-guvenlik","status":"publish","type":"page","link":"https:\/\/ototespit.com\/?page_id=3551","title":{"rendered":"Gizlilik &#038; G\u00fcvenlik"},"content":{"rendered":"<section id=\"bt_bb_section69f344b08fd4d\" class=\"bt_bb_section bt_bb_layout_boxed_1400 bt_bb_vertical_align_top bt_bb_top_spacing_large bt_bb_bottom_spacing_large\"  data-bt-override-class=\"{&quot;bt_bb_top_spacing_&quot;:{&quot;current_class&quot;:&quot;bt_bb_top_spacing_large&quot;,&quot;xxl&quot;:&quot;large&quot;,&quot;xl&quot;:&quot;large&quot;},&quot;bt_bb_bottom_spacing_&quot;:{&quot;current_class&quot;:&quot;bt_bb_bottom_spacing_large&quot;,&quot;xxl&quot;:&quot;large&quot;,&quot;xl&quot;:&quot;large&quot;}}\"><div class=\"bt_bb_port\"><div class=\"bt_bb_cell\"><div class=\"bt_bb_cell_inner\"><div class=\"bt_bb_row \"  data-bt-override-class=\"{}\"><div class=\"bt_bb_row_holder\" ><div  class=\"bt_bb_column col-xxl-2 col-xl-2 bt_bb_vertical_align_top bt_bb_align_left bt_bb_padding_normal\" style=\"; --column-width:2;\" data-width=\"2\" data-bt-override-class=\"{}\"><div class=\"bt_bb_column_content\"><div class=\"bt_bb_column_content_inner\"><\/div><\/div><\/div><div  class=\"bt_bb_column col-xxl-8 col-xl-8 bt_bb_vertical_align_top bt_bb_align_center bt_bb_padding_normal bt_bb_animation_fade_in animate\" style=\"; --column-width:8;\" data-width=\"8\" data-bt-override-class=\"{}\"><div class=\"bt_bb_column_content\"><div class=\"bt_bb_column_content_inner\"><header data-bb-version=\"5.2.5\" class=\"bt_bb_headline bt_bb_dash_bottom bt_bb_size_huge bt_bb_align_inherit\" data-bt-override-class=\"{&quot;bt_bb_size_&quot;:{&quot;current_class&quot;:&quot;bt_bb_size_huge&quot;,&quot;xxl&quot;:&quot;huge&quot;},&quot;bt_bb_align_&quot;:{&quot;current_class&quot;:&quot;bt_bb_align_inherit&quot;,&quot;xxl&quot;:&quot;inherit&quot;}}\"><h1 class=\"bt_bb_headline_tag\"><span class=\"bt_bb_headline_content\"><span >Gizlilik & G\u00fcvenlik<\/span><\/span><\/h1><\/header><div class=\"bt_bb_separator bt_bb_bottom_spacing_normal bt_bb_border_style_none\" data-bt-override-class=\"{}\"><\/div><div  class=\"bt_bb_text\" ><\/p>\n<div class=\"single-post-title text-center\">\n<h1 class=\"s-46 w-700 mb-10\">Gizlilik,G\u00fcvenlik ve \u0130ptal\/\u0130ade Ko\u015fullar\u0131<\/h1>\n<\/div>\n<div>\n<h4><strong>Gizlilik &amp; G\u00fcvenlik<\/strong><\/h4>\n<p>Ki\u015fisel bilgileriniz (ad, rumuz, e-posta adresi, posta adresi, kredi kart\u0131 bilgileri, sat\u0131n ald\u0131klar\u0131n\u0131z vb.) kesinlikle ba\u015fka ki\u015fi ve kurulu\u015flara verilmez ve sadece sitemizden azami fayday\u0131 sa\u011flaman\u0131z amac\u0131yla kullan\u0131l\u0131r. Bilgileriniz \u00fcr\u00fcn veri taban\u0131n\u0131n korundu\u011fu sistemle korunmaktad\u0131r.<\/p>\n<p>\u00dcye olurken verdi\u011finiz t\u00fcm bilgilere sadece siz ula\u015fabilir ve siz de\u011fi\u015ftirebilirsiniz. Ba\u015fka birinin sizinle ilgili bilgilere ula\u015fmas\u0131 ve bunlar\u0131 de\u011fi\u015ftirmesi m\u00fcmk\u00fcn de\u011fildir.<\/p>\n<p>Sitemiz 256bit Rapid SSL g\u00fcvencesi ve Garanti bankas\u0131 entegrasyonlar\u0131 ile kredi kart\u0131 bilgilerinizi maksimum g\u00fcvence alt\u0131nda kullanmakta ve KES\u0130NL\u0130KLE kredi kart\u0131 bilgilerinizi saklamamaktad\u0131r.<\/p>\n<h4><strong>\u0130ptal ve \u0130ade<\/strong><\/h4>\n<p>Web sitemiz \u00fczerinden yap\u0131lan fatura \u00f6demelerinde T\u00fcketicinin Korunmas\u0131 Hakk\u0131nda Kanun ile Mesafeli S\u00f6zle\u015fmeler Y\u00f6netmeli\u011fine tabi sat\u0131\u015flard\u0131r ve bu kanun y\u00f6netmelikteki h\u00fck\u00fcmleri uygulamaktad\u0131r. \u0130ptal ve \u0130ade s\u00fcremiz 30 g\u00fcnd\u00fcr. OTOTESP\u0130T bayilerinin sebepsiz cayma hakk\u0131 7 g\u00fcnd\u00fcr. \u00d6deme ve fatura kontrol\u00fc yap\u0131ld\u0131ktan sonra iptal veya iade tutar\u0131 7 i\u015f g\u00fcn\u00fc i\u00e7erisinde yap\u0131l\u0131p sizetekrar g\u00f6nderilecektir. Ototespit&#8217;e ait bu iade ve de\u011fi\u015fim politikas\u0131, 4822 say\u0131l\u0131 kanunla de\u011fi\u015fik 4077 say\u0131l\u0131 T\u00fcketicinin Korunmas\u0131 Hakk\u0131ndaki kanunda belirtilen haklar\u0131n\u0131z\u0131 etkilemez.<\/p>\n<\/div>\n<p>\n<\/div><div class=\"bt_bb_separator bt_bb_top_spacing_medium bt_bb_border_style_none\" data-bt-override-class=\"{}\"><\/div><\/div><\/div><\/div><div  class=\"bt_bb_column col-xxl-2 col-xl-2 bt_bb_vertical_align_top bt_bb_align_left bt_bb_padding_normal\" style=\"; --column-width:2;\" data-width=\"2\" data-bt-override-class=\"{}\"><div class=\"bt_bb_column_content\"><div class=\"bt_bb_column_content_inner\"><\/div><\/div><\/div><\/div><\/div><\/div><!-- cell_inner --><\/div><!-- cell --><\/div><!-- port --><\/section>\n","protected":false},"excerpt":{"rendered":"","protected":false},"author":1,"featured_media":3541,"parent":0,"menu_order":0,"comment_status":"closed","ping_status":"closed","template":"","meta":{"footnotes":""},"class_list":["post-3551","page","type-page","status-publish","has-post-thumbnail","hentry"],"yoast_head":"<!-- This site is optimized with the Yoast SEO plugin v24.8.1 - https:\/\/yoast.com\/wordpress\/plugins\/seo\/ -->\n<title>Gizlilik &amp; G\u00fcvenlik - OTOTESP\u0130T<\/title>\n<meta name=\"robots\" content=\"index, follow, max-snippet:-1, max-image-preview:large, max-video-preview:-1\" \/>\n<link rel=\"canonical\" href=\"https:\/\/ototespit.com\/?page_id=3551\" \/>\n<meta property=\"og:locale\" content=\"tr_TR\" \/>\n<meta property=\"og:type\" content=\"article\" \/>\n<meta property=\"og:title\" content=\"Gizlilik &amp; G\u00fcvenlik - OTOTESP\u0130T\" \/>\n<meta property=\"og:url\" content=\"https:\/\/ototespit.com\/?page_id=3551\" \/>\n<meta property=\"og:site_name\" content=\"OTOTESP\u0130T\" \/>\n<meta property=\"article:publisher\" content=\"https:\/\/facebook.com\/ototespit\" \/>\n<meta property=\"article:modified_time\" content=\"2025-02-14T00:26:31+00:00\" \/>\n<meta property=\"og:image\" content=\"https:\/\/ototespit.com\/wp-content\/uploads\/2025\/02\/front-view-car-service-employees-scaled.jpg\" \/>\n\t<meta property=\"og:image:width\" content=\"2560\" \/>\n\t<meta property=\"og:image:height\" content=\"1707\" \/>\n\t<meta property=\"og:image:type\" content=\"image\/jpeg\" \/>\n<meta name=\"twitter:card\" content=\"summary_large_image\" \/>\n<meta name=\"twitter:site\" content=\"@ototespit\" \/>\n<meta name=\"twitter:label1\" content=\"Tahmini okuma s\u00fcresi\" \/>\n\t<meta name=\"twitter:data1\" content=\"3 dakika\" \/>\n<script type=\"application\/ld+json\" class=\"yoast-schema-graph\">{\"@context\":\"https:\/\/schema.org\",\"@graph\":[{\"@type\":\"WebPage\",\"@id\":\"https:\/\/ototespit.com\/?page_id=3551\",\"url\":\"https:\/\/ototespit.com\/?page_id=3551\",\"name\":\"Gizlilik & G\u00fcvenlik - OTOTESP\u0130T\",\"isPartOf\":{\"@id\":\"https:\/\/ototespit.com\/#website\"},\"primaryImageOfPage\":{\"@id\":\"https:\/\/ototespit.com\/?page_id=3551#primaryimage\"},\"image\":{\"@id\":\"https:\/\/ototespit.com\/?page_id=3551#primaryimage\"},\"thumbnailUrl\":\"https:\/\/ototespit.com\/wp-content\/uploads\/2025\/02\/front-view-car-service-employees-scaled.jpg\",\"datePublished\":\"2025-02-14T00:03:43+00:00\",\"dateModified\":\"2025-02-14T00:26:31+00:00\",\"breadcrumb\":{\"@id\":\"https:\/\/ototespit.com\/?page_id=3551#breadcrumb\"},\"inLanguage\":\"tr\",\"potentialAction\":[{\"@type\":\"ReadAction\",\"target\":[\"https:\/\/ototespit.com\/?page_id=3551\"]}]},{\"@type\":\"ImageObject\",\"inLanguage\":\"tr\",\"@id\":\"https:\/\/ototespit.com\/?page_id=3551#primaryimage\",\"url\":\"https:\/\/ototespit.com\/wp-content\/uploads\/2025\/02\/front-view-car-service-employees-scaled.jpg\",\"contentUrl\":\"https:\/\/ototespit.com\/wp-content\/uploads\/2025\/02\/front-view-car-service-employees-scaled.jpg\",\"width\":2560,\"height\":1707},{\"@type\":\"BreadcrumbList\",\"@id\":\"https:\/\/ototespit.com\/?page_id=3551#breadcrumb\",\"itemListElement\":[{\"@type\":\"ListItem\",\"position\":1,\"name\":\"Anasayfa\",\"item\":\"https:\/\/ototespit.com\/\"},{\"@type\":\"ListItem\",\"position\":2,\"name\":\"Gizlilik &#038; G\u00fcvenlik\"}]},{\"@type\":\"WebSite\",\"@id\":\"https:\/\/ototespit.com\/#website\",\"url\":\"https:\/\/ototespit.com\/\",\"name\":\"OTOTESP\u0130T\",\"description\":\"Otoekspertizde ilk tercih, OTOTESP\u0130T\",\"publisher\":{\"@id\":\"https:\/\/ototespit.com\/#organization\"},\"potentialAction\":[{\"@type\":\"SearchAction\",\"target\":{\"@type\":\"EntryPoint\",\"urlTemplate\":\"https:\/\/ototespit.com\/?s={search_term_string}\"},\"query-input\":{\"@type\":\"PropertyValueSpecification\",\"valueRequired\":true,\"valueName\":\"search_term_string\"}}],\"inLanguage\":\"tr\"},{\"@type\":\"Organization\",\"@id\":\"https:\/\/ototespit.com\/#organization\",\"name\":\"OTOTESP\u0130T\",\"url\":\"https:\/\/ototespit.com\/\",\"logo\":{\"@type\":\"ImageObject\",\"inLanguage\":\"tr\",\"@id\":\"https:\/\/ototespit.com\/#\/schema\/logo\/image\/\",\"url\":\"https:\/\/ototespit.com\/wp-content\/uploads\/2025\/02\/blog-varsayilan-logo-scaled.jpg\",\"contentUrl\":\"https:\/\/ototespit.com\/wp-content\/uploads\/2025\/02\/blog-varsayilan-logo-scaled.jpg\",\"width\":2560,\"height\":1707,\"caption\":\"OTOTESP\u0130T\"},\"image\":{\"@id\":\"https:\/\/ototespit.com\/#\/schema\/logo\/image\/\"},\"sameAs\":[\"https:\/\/facebook.com\/ototespit\",\"https:\/\/x.com\/ototespit\",\"https:\/\/instagram.com\/ototespit\"]}]}<\/script>\n<!-- \/ Yoast SEO plugin. -->","yoast_head_json":{"title":"Gizlilik & G\u00fcvenlik - OTOTESP\u0130T","robots":{"index":"index","follow":"follow","max-snippet":"max-snippet:-1","max-image-preview":"max-image-preview:large","max-video-preview":"max-video-preview:-1"},"canonical":"https:\/\/ototespit.com\/?page_id=3551","og_locale":"tr_TR","og_type":"article","og_title":"Gizlilik & G\u00fcvenlik - OTOTESP\u0130T","og_url":"https:\/\/ototespit.com\/?page_id=3551","og_site_name":"OTOTESP\u0130T","article_publisher":"https:\/\/facebook.com\/ototespit","article_modified_time":"2025-02-14T00:26:31+00:00","og_image":[{"width":2560,"height":1707,"url":"https:\/\/ototespit.com\/wp-content\/uploads\/2025\/02\/front-view-car-service-employees-scaled.jpg","type":"image\/jpeg"}],"twitter_card":"summary_large_image","twitter_site":"@ototespit","twitter_misc":{"Tahmini okuma s\u00fcresi":"3 dakika"},"schema":{"@context":"https:\/\/schema.org","@graph":[{"@type":"WebPage","@id":"https:\/\/ototespit.com\/?page_id=3551","url":"https:\/\/ototespit.com\/?page_id=3551","name":"Gizlilik & G\u00fcvenlik - OTOTESP\u0130T","isPartOf":{"@id":"https:\/\/ototespit.com\/#website"},"primaryImageOfPage":{"@id":"https:\/\/ototespit.com\/?page_id=3551#primaryimage"},"image":{"@id":"https:\/\/ototespit.com\/?page_id=3551#primaryimage"},"thumbnailUrl":"https:\/\/ototespit.com\/wp-content\/uploads\/2025\/02\/front-view-car-service-employees-scaled.jpg","datePublished":"2025-02-14T00:03:43+00:00","dateModified":"2025-02-14T00:26:31+00:00","breadcrumb":{"@id":"https:\/\/ototespit.com\/?page_id=3551#breadcrumb"},"inLanguage":"tr","potentialAction":[{"@type":"ReadAction","target":["https:\/\/ototespit.com\/?page_id=3551"]}]},{"@type":"ImageObject","inLanguage":"tr","@id":"https:\/\/ototespit.com\/?page_id=3551#primaryimage","url":"https:\/\/ototespit.com\/wp-content\/uploads\/2025\/02\/front-view-car-service-employees-scaled.jpg","contentUrl":"https:\/\/ototespit.com\/wp-content\/uploads\/2025\/02\/front-view-car-service-employees-scaled.jpg","width":2560,"height":1707},{"@type":"BreadcrumbList","@id":"https:\/\/ototespit.com\/?page_id=3551#breadcrumb","itemListElement":[{"@type":"ListItem","position":1,"name":"Anasayfa","item":"https:\/\/ototespit.com\/"},{"@type":"ListItem","position":2,"name":"Gizlilik &#038; G\u00fcvenlik"}]},{"@type":"WebSite","@id":"https:\/\/ototespit.com\/#website","url":"https:\/\/ototespit.com\/","name":"OTOTESP\u0130T","description":"Otoekspertizde ilk tercih, OTOTESP\u0130T","publisher":{"@id":"https:\/\/ototespit.com\/#organization"},"potentialAction":[{"@type":"SearchAction","target":{"@type":"EntryPoint","urlTemplate":"https:\/\/ototespit.com\/?s={search_term_string}"},"query-input":{"@type":"PropertyValueSpecification","valueRequired":true,"valueName":"search_term_string"}}],"inLanguage":"tr"},{"@type":"Organization","@id":"https:\/\/ototespit.com\/#organization","name":"OTOTESP\u0130T","url":"https:\/\/ototespit.com\/","logo":{"@type":"ImageObject","inLanguage":"tr","@id":"https:\/\/ototespit.com\/#\/schema\/logo\/image\/","url":"https:\/\/ototespit.com\/wp-content\/uploads\/2025\/02\/blog-varsayilan-logo-scaled.jpg","contentUrl":"https:\/\/ototespit.com\/wp-content\/uploads\/2025\/02\/blog-varsayilan-logo-scaled.jpg","width":2560,"height":1707,"caption":"OTOTESP\u0130T"},"image":{"@id":"https:\/\/ototespit.com\/#\/schema\/logo\/image\/"},"sameAs":["https:\/\/facebook.com\/ototespit","https:\/\/x.com\/ototespit","https:\/\/instagram.com\/ototespit"]}]}},"_links":{"self":[{"href":"https:\/\/ototespit.com\/index.php?rest_route=\/wp\/v2\/pages\/3551","targetHints":{"allow":["GET"]}}],"collection":[{"href":"https:\/\/ototespit.com\/index.php?rest_route=\/wp\/v2\/pages"}],"about":[{"href":"https:\/\/ototespit.com\/index.php?rest_route=\/wp\/v2\/types\/page"}],"author":[{"embeddable":true,"href":"https:\/\/ototespit.com\/index.php?rest_route=\/wp\/v2\/users\/1"}],"replies":[{"embeddable":true,"href":"https:\/\/ototespit.com\/index.php?rest_route=%2Fwp%2Fv2%2Fcomments&post=3551"}],"version-history":[{"count":3,"href":"https:\/\/ototespit.com\/index.php?rest_route=\/wp\/v2\/pages\/3551\/revisions"}],"predecessor-version":[{"id":3554,"href":"https:\/\/ototespit.com\/index.php?rest_route=\/wp\/v2\/pages\/3551\/revisions\/3554"}],"wp:featuredmedia":[{"embeddable":true,"href":"https:\/\/ototespit.com\/index.php?rest_route=\/wp\/v2\/media\/3541"}],"wp:attachment":[{"href":"https:\/\/ototespit.com\/index.php?rest_route=%2Fwp%2Fv2%2Fmedia&parent=3551"}],"curies":[{"name":"wp","href":"https:\/\/api.w.org\/{rel}","templated":true}]}}